{"id":18,"date":"2020-09-30T09:52:17","date_gmt":"2020-09-30T09:52:17","guid":{"rendered":"http:\/\/obuda.hu\/gyermekvedelem\/?page_id=18"},"modified":"2025-09-04T12:26:21","modified_gmt":"2025-09-04T12:26:21","slug":"szakmai-program","status":"publish","type":"page","link":"https:\/\/obuda.hu\/gyermekvedelem\/szakmai-program\/","title":{"rendered":"Szakmai program"},"content":{"rendered":"\t\t<div data-elementor-type=\"wp-page\" data-elementor-id=\"18\" class=\"elementor elementor-18\" data-elementor-post-type=\"page\">\n\t\t\t\t\t\t\t\t\t<section class=\"elementor-section elementor-top-section elementor-element elementor-element-3da3c45 elementor-section-height-min-height elementor-section-boxed elementor-section-height-default elementor-section-items-middle\" data-id=\"3da3c45\" data-element_type=\"section\" data-settings=\"{&quot;background_background&quot;:&quot;classic&quot;}\">\n\t\t\t\t\t\t<div class=\"elementor-container elementor-column-gap-default\">\n\t\t\t\t\t<div class=\"elementor-column elementor-col-50 elementor-top-column elementor-element elementor-element-bf30cea\" data-id=\"bf30cea\" data-element_type=\"column\">\n\t\t\t<div class=\"elementor-widget-wrap\">\n\t\t\t\t\t\t\t\t\t<\/div>\n\t\t<\/div>\n\t\t\t\t<div class=\"elementor-column elementor-col-50 elementor-top-column elementor-element elementor-element-d131b8e\" data-id=\"d131b8e\" data-element_type=\"column\">\n\t\t\t<div class=\"elementor-widget-wrap elementor-element-populated\">\n\t\t\t\t\t\t\t\t<div class=\"elementor-element elementor-element-1c1371d elementor-widget elementor-widget-spacer\" data-id=\"1c1371d\" data-element_type=\"widget\" data-widget_type=\"spacer.default\">\n\t\t\t\t<div class=\"elementor-widget-container\">\n\t\t\t\t\t<div class=\"elementor-spacer\">\n\t\t\t<div class=\"elementor-spacer-inner\"><\/div>\n\t\t<\/div>\n\t\t\t\t<\/div>\n\t\t\t\t<\/div>\n\t\t\t\t<div class=\"elementor-element elementor-element-d526589 elementor-widget elementor-widget-heading\" data-id=\"d526589\" data-element_type=\"widget\" data-widget_type=\"heading.default\">\n\t\t\t\t<div class=\"elementor-widget-container\">\n\t\t\t<h2 class=\"elementor-heading-title elementor-size-default\">Szakmai program<\/h2>\t\t<\/div>\n\t\t\t\t<\/div>\n\t\t\t\t<div class=\"elementor-element elementor-element-0a909dd elementor-widget elementor-widget-text-editor\" data-id=\"0a909dd\" data-element_type=\"widget\" data-widget_type=\"text-editor.default\">\n\t\t\t\t<div class=\"elementor-widget-container\">\n\t\t\t\t\t\t\t<p>Az \u00d6nkorm\u00e1nyzat \u00e9s a Hintalovon Gyermekjogi Alap\u00edtv\u00e1ny az el\u0151zetes egyeztet\u00e9seket k\u00f6vet\u0151en az al\u00e1bbi programokat tervezi megval\u00f3s\u00edtani hossz\u00fa t\u00e1v\u00fa egy\u00fcttm\u0171k\u00f6d\u00e9se sor\u00e1n.<\/p>\t\t\t\t\t\t<\/div>\n\t\t\t\t<\/div>\n\t\t\t\t<div class=\"elementor-element elementor-element-13ae438 elementor-widget elementor-widget-spacer\" data-id=\"13ae438\" data-element_type=\"widget\" data-widget_type=\"spacer.default\">\n\t\t\t\t<div class=\"elementor-widget-container\">\n\t\t\t\t\t<div class=\"elementor-spacer\">\n\t\t\t<div class=\"elementor-spacer-inner\"><\/div>\n\t\t<\/div>\n\t\t\t\t<\/div>\n\t\t\t\t<\/div>\n\t\t\t\t\t<\/div>\n\t\t<\/div>\n\t\t\t\t\t\t\t<\/div>\n\t\t<\/section>\n\t\t\t\t<section class=\"elementor-section elementor-top-section elementor-element elementor-element-b39e843 elementor-section-boxed elementor-section-height-default elementor-section-height-default\" data-id=\"b39e843\" data-element_type=\"section\" data-settings=\"{&quot;background_background&quot;:&quot;classic&quot;}\">\n\t\t\t\t\t\t<div class=\"elementor-container elementor-column-gap-default\">\n\t\t\t\t\t<div class=\"elementor-column elementor-col-100 elementor-top-column elementor-element elementor-element-e1c822b\" data-id=\"e1c822b\" data-element_type=\"column\">\n\t\t\t<div class=\"elementor-widget-wrap elementor-element-populated\">\n\t\t\t\t\t\t\t\t<div class=\"elementor-element elementor-element-19dc3e3 elementor-widget elementor-widget-heading\" data-id=\"19dc3e3\" data-element_type=\"widget\" data-widget_type=\"heading.default\">\n\t\t\t\t<div class=\"elementor-widget-container\">\n\t\t\t<h2 class=\"elementor-heading-title elementor-size-default\">Szakmai egy\u00fcttm\u0171k\u00f6d\u00e9si program\u00a0<\/h2>\t\t<\/div>\n\t\t\t\t<\/div>\n\t\t\t\t<div class=\"elementor-element elementor-element-c35ec9c elementor-widget elementor-widget-heading\" data-id=\"c35ec9c\" data-element_type=\"widget\" data-widget_type=\"heading.default\">\n\t\t\t\t<div class=\"elementor-widget-container\">\n\t\t\t<h2 class=\"elementor-heading-title elementor-size-default\">\u00d3buda-B\u00e9k\u00e1smegyer \u00d6nkorm\u00e1nyzat \u00e9s a Hintalovon Gyermekjogi Alap\u00edtv\u00e1ny k\u00f6z\u00f6tt\u00a0<\/h2>\t\t<\/div>\n\t\t\t\t<\/div>\n\t\t\t\t<div class=\"elementor-element elementor-element-81a577b elementor-widget elementor-widget-text-editor\" data-id=\"81a577b\" data-element_type=\"widget\" data-widget_type=\"text-editor.default\">\n\t\t\t\t<div class=\"elementor-widget-container\">\n\t\t\t\t\t\t\t<p><strong>El\u0151zm\u00e9nyek<\/strong><\/p><p>Budapest F\u0151v\u00e1ros III. ker\u00fclet \u00d3buda-B\u00e9k\u00e1smegyer \u00d6nkorm\u00e1nyzat 2020 szeptember\u00e9ben kereste meg a Hintalovon Gyermekjogi Alap\u00edtv\u00e1nyt azzal a c\u00e9llal, hogy szakmai t\u00e1mogat\u00e1st k\u00e9rjen egy olyan komplex program kidolgoz\u00e1s\u00e1ban, amely a gyerekekkel szembeni b\u00e1ntalmaz\u00e1sos esetek megel\u0151z\u00e9s\u00e9t \u00e9s hat\u00e9kony kezel\u00e9s\u00e9t szolg\u00e1lja.<\/p><p>A megkeres\u00e9s k\u00f6zvetlen el\u0151zm\u00e9nye egy 2019-ben t\u00f6rt\u00e9nt szexu\u00e1lis vissza\u00e9l\u00e9s b\u0171ncselekm\u00e9ny volt, amelyben a ker\u00fclet egyik \u00f3vod\u00e1j\u00e1ba j\u00e1r\u00f3 gyerekek is \u00e9rintettek voltak. A konkr\u00e9t eset kapcs\u00e1n az \u00d6nkorm\u00e1nyzat bels\u0151 vizsg\u00e1latot folytatott, \u00e9s annak eredm\u00e9nyeit l\u00e1tva d\u00f6nt\u00f6tt \u00fagy, hogy a 2020-ban m\u00e1r bevezetett gyerekv\u00e9delmi int\u00e9zked\u00e9seken k\u00edv\u00fcl k\u00fcls\u0151 szakmai seg\u00edts\u00e9get is bevon.<\/p><p>A szakmai egy\u00fcttm\u0171k\u00f6d\u00e9s r\u00e9szleteir\u0151l a felek 2020 szeptember\u00e9ben egyeztettek. Az akkor elk\u00e9sz\u00fclt program az\u00f3ta is folyamatosan friss\u00fcl.<\/p><p><strong>Szakmai program<\/strong><\/p><p>Az \u00f6nkorm\u00e1nyzat egyed\u00fcl\u00e1ll\u00f3 gyerekv\u00e9delmi munkaterve a Hintalovon Alap\u00edtv\u00e1ny int\u00e9zm\u00e9nyi gyerekb\u00e1ntalmaz\u00e1s megel\u0151z\u00e9s\u00e9vel foglalkoz\u00f3 <a href=\"http:\/\/nemecsek.hu\">NEMECSEK Program<\/a>ja munkat\u00e1rsainak k\u00f6zrem\u0171k\u00f6d\u00e9s\u00e9vel val\u00f3sul meg. A NEMECSEK PROGRAM kiemelt r\u00e9sz\u00e9t k\u00e9pezik az <a href=\"https:\/\/nemecsek.hu\/onkormanyzat\/\">\u00f6nkorm\u00e1nyzatokkal val\u00f3 egy\u00fcttm\u0171k\u00f6d\u00e9sek<\/a>. Az \u00d3buda-B\u00e9k\u00e1smegyer \u00d6nkorm\u00e1nyzattal k\u00f6z\u00f6s munka keret\u00e9n bel\u00fcl a Hintalovon Alap\u00edtv\u00e1ny munkat\u00e1rsai \u00e9vr\u0151l \u00e9vre egyre t\u00f6bb III. ker\u00fcleti szakemberrel dolgoznak egy\u00fctt k\u00fcl\u00f6nb\u00f6z\u0151 esem\u00e9nyeken, aktivit\u00e1sokon kereszt\u00fcl a min\u00e9l hat\u00e9konyabb gyerekv\u00e9delem \u00e9rdek\u00e9ben. A k\u00f6z\u00f6s munka egyik legfontosabb c\u00e9lja, hogy mind t\u00f6bb \u00f3budai lakos figyelm\u00e9t felh\u00edvj\u00e1k a gyerekjogok fontoss\u00e1g\u00e1ra.<\/p><p>A <a href=\"https:\/\/nemecsek.hu\/obuda-bekasmegyer-onkormanyzat-egyedulallo-gyerekvedelmi-programmal-rendelkezik\/\">kor\u00e1bbi \u00e9vek szakmai programja<\/a> sor\u00e1n az \u00f3budai szakemberek t\u00f6bbek k\u00f6z\u00f6tt jelz\u0151rendszeri k\u00e9pz\u00e9seken vettek r\u00e9szt. A jelz\u0151rendszeri k\u00e9pz\u00e9seken \u2013 amelyek t\u00e9m\u00e1ja gyerekjogok, gyerekb\u00e1ntalmaz\u00e1s, digit\u00e1lis gyerekv\u00e9delem, esetfeldolgoz\u00e1s \u2013 val\u00f3 r\u00e9szv\u00e9telre \u00e9vi 5-6 alkalommal van lehet\u0151s\u00e9g\u00fck a ker\u00fcleti szakembereknek. Ezenk\u00edv\u00fcl r\u00e9szt vehettek az Alap\u00edtv\u00e1ny \u00e1ltal ny\u00fajtott konfliktuskezel\u0151 tr\u00e9ningeken, szakmai el\u0151ad\u00e1sokon \u00e9s besz\u00e9lget\u00e9seken, tov\u00e1bb\u00e1 egyedi esetekben is tudtak konzult\u00e1ci\u00f3s alkalmat k\u00e9rni a Hintalovon Alap\u00edtv\u00e1ny jog\u00e1sz \u00e9s pszichol\u00f3gus szakembereit\u0151l telefonon, szem\u00e9lyesen vagy ak\u00e1r e-mailben.<\/p><p>Az Alap\u00edtv\u00e1ny \u00e9s az \u00d6nkorm\u00e1nyzat <a href=\"https:\/\/obuda.hu\/gyermekvedelem\/index.php\/hirlevel\/\">e-mail-kurzusok<\/a> elk\u00e9sz\u00edt\u00e9s\u00e9vel olyan kulcsfontoss\u00e1g\u00fa t\u00e9m\u00e1kat dolgoztak fel, mint a gyerekjogok, az iskolai biztons\u00e1g vagy a b\u00e1ntalmaz\u00e1s jeleinek felismer\u00e9se, tov\u00e1bb\u00e1 a gyerekr\u00e9szv\u00e9tel lehet\u0151s\u00e9gei.<\/p><p>A program keretein bel\u00fcl a harmadik ker\u00fcleti \u00f3vod\u00e1kban \u00e9s b\u00f6lcs\u0151d\u00e9kben a gyerekv\u00e9delmi \u00fatmutat\u00f3k ker\u00fcltek kidolgoz\u00e1sra, az ott dolgoz\u00f3k pedig k\u00fcl\u00f6nb\u00f6z\u0151 k\u00e9pz\u00e9sek \u00e9s tr\u00e9ningek sor\u00e1n saj\u00e1t\u00edthattak el \u00faj ismereteket a gyerekjogok \u00e9s a gyerekv\u00e9delem t\u00e9mak\u00f6r\u00e9ben.<\/p><p>A program r\u00e9szek\u00e9nt<a href=\"https:\/\/obuda.hu\/gyermekvedelem\/index.php\/tajekoztatok\/\"> t\u00f6bb plak\u00e1tkamp\u00e1ny<\/a> is indult a ker\u00fcleti \u00f3vod\u00e1kban, j\u00e1tsz\u00f3tereken. Ezek olyan fontos t\u00e9m\u00e1kra h\u00edvt\u00e1k fel a figyelmet, mint a sz\u00fcl\u0151-gyerek k\u00f6z\u00f6tti pozit\u00edv kommunik\u00e1ci\u00f3, a tudatos digit\u00e1lis sz\u00fcl\u0151s\u00e9g vagy a gyerekr\u00e9szv\u00e9tel.<\/p><p>2025-ben az al\u00e1bbi tev\u00e9kenys\u00e9gek megval\u00f3s\u00edt\u00e1sa szerepel tervben:<\/p><ul><li><a href=\"https:\/\/obuda.hu\/gyermekvedelem\/index.php\/jogsegely\/\"><strong>Jogseg\u00e9ly \u00e9s gyerekjogi tan\u00e1csad\u00e1s:<\/strong> <\/a>a kor\u00e1bbi \u00e9vekhez hasonl\u00f3an, a ker\u00fcletben \u00e9l\u0151 vagy dolgoz\u00f3 lakosoknak \u00e9s szakembereknek az \u00e9v minden h\u00f3napj\u00e1ban egy alkalommal online vagy szem\u00e9lyes fogad\u00f3\u00f3r\u00e1t tartunk az Alap\u00edtv\u00e1ny k\u00e9t szakember\u00e9nek r\u00e9szv\u00e9tel\u00e9vel (egy jog\u00e1sz \u00e9s egy pszichol\u00f3gus), <strong>ingyenesen<\/strong>.<\/li><li><strong>\u00d3buda-B\u00e9k\u00e1smegyer mobilapplik\u00e1ci\u00f3j\u00e1ban val\u00f3 rendszeres megjelen\u00e9s: <\/strong>ker\u00fcleti lakosokhoz, sz\u00fcl\u0151kh\u00f6z sz\u00f3l\u00f3 edukat\u00edv tartalom, k\u00f6z\u00e9rthet\u0151 m\u00f3don. C\u00e9lja a ker\u00fcleten bel\u00fcli seg\u00edt\u0151, t\u00e1mogat\u00f3 h\u00e1l\u00f3zat meger\u0151s\u00edt\u00e9se, ismerts\u00e9g\u00e9hez val\u00f3 hozz\u00e1j\u00e1rul\u00e1s, illetve a lakoss\u00e1g bizalm\u00e1nak n\u00f6vel\u00e9se a gyerekv\u00e9delmi h\u00e1l\u00f3zat ir\u00e1nt.<\/li><li><strong>Digit\u00e1lis eszk\u00f6zhaszn\u00e1lat \u00e9s online biztons\u00e1g \u00f3vod\u00e1skorban:<\/strong> a 2024-es, kismam\u00e1knak k\u00e9sz\u00edtett kiadv\u00e1ny mint\u00e1j\u00e1ra, ez\u00fattal az \u00f3vod\u00e1skor\u00fa gyerekek sz\u00fcleinek k\u00e9sz\u00edtend\u0151 t\u00e1j\u00e9koztat\u00f3 anyag, amelyben a digit\u00e1lis gyerekv\u00e9delem, digit\u00e1lis sz\u00fcl\u0151s\u00e9g \u00e9s az online vil\u00e1g \u00f3vod\u00e1skor\u00fa gyerekeket \u00e9rint\u0151 kih\u00edv\u00e1sai, ennek megold\u00e1sai ker\u00fclnek f\u00f3kuszban.<\/li><li><strong>Ker\u00fcleti sz\u00fcl\u0151knek, felel\u0151s feln\u0151tteknek sz\u00f3l\u00f3 szem\u00e9lyes el\u0151ad\u00e1sok, f\u00f3rumok<\/strong>: interakt\u00edv el\u0151ad\u00e1sok a gyerekv\u00e9delmet \u00e9rint\u0151 aktu\u00e1lis t\u00e9m\u00e1kban, melyekre sz\u00fcl\u0151ket, szakembereket, \u00e9rdekl\u0151d\u0151ket egyform\u00e1n v\u00e1runk.<\/li><li><strong>Ker\u00fcleti sz\u00fcl\u0151knek, felel\u0151s feln\u0151tteknek sz\u00f3l\u00f3 online el\u0151ad\u00e1sok<\/strong>: az \u00f6nkorm\u00e1nyzat k\u00f6z\u00f6ss\u00e9gi m\u00e9dia fel\u00fclet\u00e9n el\u0151ad\u00e1sok a sz\u00fcl\u0151ket \u00e9rdekl\u0151 t\u00e9m\u00e1kban.<\/li><li><strong>Sz\u00fcl\u0151i \u00e9rtekezleten val\u00f3 r\u00e9szv\u00e9tel az \u00f3vod\u00e1kban\/b\u00f6lcs\u0151d\u00e9kben<\/strong>: az int\u00e9zm\u00e9ny rendes sz\u00fcl\u0151i \u00e9rtekezlet\u00e9hez kapcsol\u00f3dva r\u00e9szv\u00e9tel a sz\u00fcl\u0151knek sz\u00f3l\u00f3 \u00e9rtekezleten, bekapcsol\u00f3dva a sz\u00fcl\u0151k t\u00e1j\u00e9koztat\u00e1s\u00e1ba az al\u00e1bbi t\u00e9m\u00e1ban: online biztons\u00e1g (felel\u0151s k\u00e9pmegoszt\u00e1s az \u00f3voda\/b\u00f6lcs\u0151de r\u00e9sz\u00e9r\u0151l, sz\u00fcl\u0151i mobilhaszn\u00e1lat szab\u00e1lyai az \u00f3vod\u00e1kban\/b\u00f6lcs\u0151d\u00e9kben rendezv\u00e9nyek alkalm\u00e1val, beszoktat\u00e1skor, \u00e9s egy\u00e9b alkalmakkor).<\/li><li><strong>Helysz\u00edni kitelep\u00fcl\u00e9s \u00f3budai csal\u00e1di esem\u00e9nyekre<\/strong>: ezeken az alkalmakon az alap\u00edtv\u00e1ny 2 munkat\u00e1rsa \u00e9s 2 Kiskor\u00fa Koll\u00e9g\u00e1ja lesz jelen, ig\u00e9ny szerinti workshopokat, besz\u00e9lget\u00e9seket tart.<\/li><li><strong>Az \u00d6nkorm\u00e1nyzat kommunik\u00e1ci\u00f3s tartalmainak t\u00e1mogat\u00e1sa<\/strong>: az \u00d3buda \u00fajs\u00e1gban rendszeres megjelen\u00e9s, el\u0151re egyeztetett tartalmakkal, cikkel, interj\u00faval, besz\u00e1mol\u00f3val. Az \u00f6nkorm\u00e1nyzat Facebook oldal\u00e1ra, illetve ker\u00fcleti Facebook csoportokba k\u00fcl\u00f6nb\u00f6z\u0151 hasznos tartalmak, \u00e9rdekes infografik\u00e1k k\u00e9sz\u00edt\u00e9se, korhat\u00e1rokra \u00e9s a sz\u00fcl\u0151k \u00e9rdekl\u0151d\u00e9s\u00e9re tekintettel.<\/li><li><strong>E-learning tananyag \u00e9s plak\u00e1tkamp\u00e1ny<\/strong>: a ker\u00fcleti k\u00f6z\u00f6ss\u00e9gnek sz\u00f3l\u00f3 figyelemfelh\u00edv\u00f3 e-learning anyagok (el\u0151re egyeztetett gyerekv\u00e9delmi t\u00e9mak\u00f6rben) \u00e9s print anyagok grafikai \u00e9s tartalmi el\u0151k\u00e9sz\u00edt\u00e9se (plak\u00e1tkamp\u00e1ny).<\/li><li><strong>Jelz\u0151rendszeri k\u00e9pz\u00e9sek<\/strong>: a ker\u00fcleti jelz\u0151rendszeri tagoknak t\u00f6bb alkalommal szervez\u00fcnk eg\u00e9sz napos jelz\u0151rendszeri k\u00e9pz\u00e9st, szem\u00e9lyes jelenl\u00e9ttel. Ezeken az alkalmakon az alap\u00edtv\u00e1ny 2 munkat\u00e1rsa tart interakt\u00edv tr\u00e9ninget gyermekjogokr\u00f3l, gyermekb\u00e1ntalmaz\u00e1sr\u00f3l, digit\u00e1lis gyermekv\u00e9delemr\u0151l, a jelz\u0151rendszeri feladatokr\u00f3l.<\/li><li><strong>Int\u00e9zm\u00e9nyen bel\u00fcli k\u00e9pz\u00e9s<\/strong>: ig\u00e9nyre szabottan tartott k\u00e9pz\u00e9s az adott int\u00e9zm\u00e9nyben aktu\u00e1lisan megjelen\u0151 k\u00e9rd\u00e9sek kapcs\u00e1n. Kor\u00e1bban gyermekb\u00e1ntalmaz\u00e1s, konfliktuskezel\u00e9s, ki\u00e9g\u00e9s, saj\u00e1tos nevel\u00e9si ig\u00e9ny\u0171 gyerekek a csoportokban, az egy\u00fcttm\u0171k\u00f6d\u00e9s neh\u00e9zs\u00e9gei \u00e9s lehet\u0151s\u00e9gei sz\u00fcl\u0151k \u00e9s int\u00e9zm\u00e9nyek k\u00f6z\u00f6tt, valamint kr\u00edzisintervenci\u00f3 t\u00e9m\u00e1kban h\u00edvtak benn\u00fcnket.<\/li><li><strong>Konzult\u00e1ci\u00f3s alkalmak, tan\u00e1csad\u00e1s a jelz\u0151rendszeri tagok sz\u00e1m\u00e1ra<\/strong>: eg\u00e9sz \u00e9vben r\u00f6vid hat\u00e1rid\u0151vel biztos\u00edtunk lehet\u0151s\u00e9get a ker\u00fcleti szakembereknek arra, hogy szem\u00e9lyesen, telefonon, vagy e-mailen ny\u00fajtsunk konzult\u00e1ci\u00f3s lehet\u0151s\u00e9get egy-egy eset kapcs\u00e1n.<\/li><li><strong>Szakmai napon val\u00f3 el\u0151ad\u00e1s<\/strong>: az \u00f6nkorm\u00e1nyzat \u00e1ltal szervezett szakmai napon el\u0151re egyeztetett, vagy megadott t\u00e9m\u00e1ban szem\u00e9lyes el\u0151ad\u00e1s tart\u00e1sa a r\u00e9sztvev\u0151knek.<\/li><li><strong>Egys\u00e9ges gyerekv\u00e9delmi \u00fatmutat\u00f3 k\u00e9sz\u00edt\u00e9se \u00e9s a hozz\u00e1 kapcsol\u00f3d\u00f3 k\u00e9pz\u00e9sek a ker\u00fcleti \u00f6nkorm\u00e1nyzat \u00e1ltal fenntartott \u00f3vod\u00e1k sz\u00e1m\u00e1ra: <\/strong>az \u00f6nkorm\u00e1nyzat fenntart\u00e1s\u00e1ban \u00e1ll\u00f3 \u00f3vod\u00e1k r\u00e9sz\u00e9re gyerekv\u00e9delmi \u00fatmutat\u00f3 kidolgoz\u00e1sa, az int\u00e9zm\u00e9ny seg\u00edt\u00e9se az \u00fatmutat\u00f3 kidolgoz\u00e1s\u00e1ban, bevezet\u00e9s\u00e9ben. A gyerekv\u00e9delmi \u00fatmutat\u00f3 t\u00e1j\u00e9koztat\u00e1st ny\u00fajt a gyerekek, a fiatalok \u00e9s a sz\u00fcl\u0151k sz\u00e1m\u00e1ra is arr\u00f3l, hogy mit v\u00e1rhatnak el a szervezett\u0151l, \u00fatmutat\u00e1st ad a munkat\u00e1rsaknak mindennapi munk\u00e1juk sor\u00e1n, az int\u00e9zm\u00e9ny m\u0171k\u00f6d\u00e9s\u00e9t \u00e1tl\u00e1that\u00f3v\u00e1 \u00e9s elsz\u00e1moltathat\u00f3v\u00e1 teszi.<\/li><\/ul><p>\u00a0<\/p><p>\u00d3buda-B\u00e9k\u00e1smegyer \u00d6nkorm\u00e1nyzat hossz\u00fa t\u00e1vra elk\u00f6telezett a gyerekv\u00e9delem fontoss\u00e1ga mellett, hiszen csak \u00edgy lehet szemben\u00e9zni a gyerekb\u00e1ntalmaz\u00e1ssal \u00e9s ki\u00e1llni a gyerekek biztons\u00e1g\u00e1\u00e9rt. Hisz\u00fcnk benne, hogy munk\u00e1nkkal biztons\u00e1gosabb\u00e1 \u00e9s \u00e1tl\u00e1that\u00f3bb\u00e1 tudjuk tenni az int\u00e9zm\u00e9nyek, k\u00f6z\u00f6ss\u00e9gek m\u0171k\u00f6d\u00e9s\u00e9t, \u00e9s t\u00e1mogatni tudjuk a sz\u00fcl\u0151ket \u00e9s gondvisel\u0151ket a megel\u0151z\u00e9sben, a felismer\u00e9sben \u00e9s a kezel\u00e9sben. Ezt a munk\u00e1t seg\u00edti szakmai partners\u00e9g\u00e9vel a Hintalovon Gyermekjogi Alap\u00edtv\u00e1ny.<\/p>\t\t\t\t\t\t<\/div>\n\t\t\t\t<\/div>\n\t\t\t\t\t<\/div>\n\t\t<\/div>\n\t\t\t\t\t\t\t<\/div>\n\t\t<\/section>\n\t\t\t\t\t\t\t<\/div>\n\t\t","protected":false},"excerpt":{"rendered":"<p>Szakmai program Az \u00d6nkorm\u00e1nyzat \u00e9s a Hintalovon Gyermekjogi Alap\u00edtv\u00e1ny az el\u0151zetes egyeztet\u00e9seket k\u00f6vet\u0151en az al\u00e1bbi programokat tervezi megval\u00f3s\u00edtani hossz\u00fa t\u00e1v\u00fa egy\u00fcttm\u0171k\u00f6d\u00e9se sor\u00e1n. Szakmai egy\u00fcttm\u0171k\u00f6d\u00e9si program\u00a0 \u00d3buda-B\u00e9k\u00e1smegyer \u00d6nkorm\u00e1nyzat \u00e9s a Hintalovon Gyermekjogi Alap\u00edtv\u00e1ny k\u00f6z\u00f6tt\u00a0 El\u0151zm\u00e9nyek Budapest F\u0151v\u00e1ros III. ker\u00fclet \u00d3buda-B\u00e9k\u00e1smegyer \u00d6nkorm\u00e1nyzat 2020 szeptember\u00e9ben kereste meg a Hintalovon Gyermekjogi Alap\u00edtv\u00e1nyt azzal a c\u00e9llal, hogy szakmai t\u00e1mogat\u00e1st k\u00e9rjen [&hellip;]<\/p>\n","protected":false},"author":1,"featured_media":0,"parent":0,"menu_order":0,"comment_status":"closed","ping_status":"closed","template":"elementor_header_footer","meta":{"footnotes":""},"yoast_head":"<!-- This site is optimized with the Yoast SEO plugin v21.5 - https:\/\/yoast.com\/wordpress\/plugins\/seo\/ -->\n<title>Szakmai program - \u00d3buda<\/title>\n<meta name=\"robots\" content=\"index, follow, max-snippet:-1, max-image-preview:large, max-video-preview:-1\" \/>\n<link rel=\"canonical\" href=\"https:\/\/obuda.hu\/gyermekvedelem\/szakmai-program\/\" \/>\n<meta property=\"og:locale\" content=\"en_US\" \/>\n<meta property=\"og:type\" content=\"article\" \/>\n<meta property=\"og:title\" content=\"Szakmai program - \u00d3buda\" \/>\n<meta property=\"og:description\" content=\"Szakmai program Az \u00d6nkorm\u00e1nyzat \u00e9s a Hintalovon Gyermekjogi Alap\u00edtv\u00e1ny az el\u0151zetes egyeztet\u00e9seket k\u00f6vet\u0151en az al\u00e1bbi programokat tervezi megval\u00f3s\u00edtani hossz\u00fa t\u00e1v\u00fa egy\u00fcttm\u0171k\u00f6d\u00e9se sor\u00e1n. Szakmai egy\u00fcttm\u0171k\u00f6d\u00e9si program\u00a0 \u00d3buda-B\u00e9k\u00e1smegyer \u00d6nkorm\u00e1nyzat \u00e9s a Hintalovon Gyermekjogi Alap\u00edtv\u00e1ny k\u00f6z\u00f6tt\u00a0 El\u0151zm\u00e9nyek Budapest F\u0151v\u00e1ros III. ker\u00fclet \u00d3buda-B\u00e9k\u00e1smegyer \u00d6nkorm\u00e1nyzat 2020 szeptember\u00e9ben kereste meg a Hintalovon Gyermekjogi Alap\u00edtv\u00e1nyt azzal a c\u00e9llal, hogy szakmai t\u00e1mogat\u00e1st k\u00e9rjen [&hellip;]\" \/>\n<meta property=\"og:url\" content=\"https:\/\/obuda.hu\/gyermekvedelem\/szakmai-program\/\" \/>\n<meta property=\"og:site_name\" content=\"\u00d3buda\" \/>\n<meta property=\"article:modified_time\" content=\"2025-09-04T12:26:21+00:00\" \/>\n<meta property=\"og:image\" content=\"https:\/\/obuda.hu\/gyermekvedelem\/wp-content\/uploads\/2020\/10\/gyermekvedelem_meta_fb.jpg\" \/>\n\t<meta property=\"og:image:width\" content=\"1200\" \/>\n\t<meta property=\"og:image:height\" content=\"630\" \/>\n\t<meta property=\"og:image:type\" content=\"image\/jpeg\" \/>\n<meta name=\"twitter:card\" content=\"summary_large_image\" \/>\n<meta name=\"twitter:label1\" content=\"Est. reading time\" \/>\n\t<meta name=\"twitter:data1\" content=\"4 minutes\" \/>\n<script type=\"application\/ld+json\" class=\"yoast-schema-graph\">{\"@context\":\"https:\/\/schema.org\",\"@graph\":[{\"@type\":\"WebPage\",\"@id\":\"https:\/\/obuda.hu\/gyermekvedelem\/szakmai-program\/\",\"url\":\"https:\/\/obuda.hu\/gyermekvedelem\/szakmai-program\/\",\"name\":\"Szakmai program - \u00d3buda\",\"isPartOf\":{\"@id\":\"https:\/\/obuda.hu\/gyermekvedelem\/#website\"},\"datePublished\":\"2020-09-30T09:52:17+00:00\",\"dateModified\":\"2025-09-04T12:26:21+00:00\",\"breadcrumb\":{\"@id\":\"https:\/\/obuda.hu\/gyermekvedelem\/szakmai-program\/#breadcrumb\"},\"inLanguage\":\"en-US\",\"potentialAction\":[{\"@type\":\"ReadAction\",\"target\":[\"https:\/\/obuda.hu\/gyermekvedelem\/szakmai-program\/\"]}]},{\"@type\":\"BreadcrumbList\",\"@id\":\"https:\/\/obuda.hu\/gyermekvedelem\/szakmai-program\/#breadcrumb\",\"itemListElement\":[{\"@type\":\"ListItem\",\"position\":1,\"name\":\"Kezd\u0151lap\",\"item\":\"https:\/\/obuda.hu\/gyermekvedelem\/\"},{\"@type\":\"ListItem\",\"position\":2,\"name\":\"Szakmai program\"}]},{\"@type\":\"WebSite\",\"@id\":\"https:\/\/obuda.hu\/gyermekvedelem\/#website\",\"url\":\"https:\/\/obuda.hu\/gyermekvedelem\/\",\"name\":\"\u00d3buda\",\"description\":\"Gyermekv\u00e9delem\",\"potentialAction\":[{\"@type\":\"SearchAction\",\"target\":{\"@type\":\"EntryPoint\",\"urlTemplate\":\"https:\/\/obuda.hu\/gyermekvedelem\/?s={search_term_string}\"},\"query-input\":\"required name=search_term_string\"}],\"inLanguage\":\"en-US\"}]}<\/script>\n<!-- \/ Yoast SEO plugin. -->","yoast_head_json":{"title":"Szakmai program - \u00d3buda","robots":{"index":"index","follow":"follow","max-snippet":"max-snippet:-1","max-image-preview":"max-image-preview:large","max-video-preview":"max-video-preview:-1"},"canonical":"https:\/\/obuda.hu\/gyermekvedelem\/szakmai-program\/","og_locale":"en_US","og_type":"article","og_title":"Szakmai program - \u00d3buda","og_description":"Szakmai program Az \u00d6nkorm\u00e1nyzat \u00e9s a Hintalovon Gyermekjogi Alap\u00edtv\u00e1ny az el\u0151zetes egyeztet\u00e9seket k\u00f6vet\u0151en az al\u00e1bbi programokat tervezi megval\u00f3s\u00edtani hossz\u00fa t\u00e1v\u00fa egy\u00fcttm\u0171k\u00f6d\u00e9se sor\u00e1n. Szakmai egy\u00fcttm\u0171k\u00f6d\u00e9si program\u00a0 \u00d3buda-B\u00e9k\u00e1smegyer \u00d6nkorm\u00e1nyzat \u00e9s a Hintalovon Gyermekjogi Alap\u00edtv\u00e1ny k\u00f6z\u00f6tt\u00a0 El\u0151zm\u00e9nyek Budapest F\u0151v\u00e1ros III. ker\u00fclet \u00d3buda-B\u00e9k\u00e1smegyer \u00d6nkorm\u00e1nyzat 2020 szeptember\u00e9ben kereste meg a Hintalovon Gyermekjogi Alap\u00edtv\u00e1nyt azzal a c\u00e9llal, hogy szakmai t\u00e1mogat\u00e1st k\u00e9rjen [&hellip;]","og_url":"https:\/\/obuda.hu\/gyermekvedelem\/szakmai-program\/","og_site_name":"\u00d3buda","article_modified_time":"2025-09-04T12:26:21+00:00","og_image":[{"width":1200,"height":630,"url":"https:\/\/obuda.hu\/gyermekvedelem\/wp-content\/uploads\/2020\/10\/gyermekvedelem_meta_fb.jpg","type":"image\/jpeg"}],"twitter_card":"summary_large_image","twitter_misc":{"Est. reading time":"4 minutes"},"schema":{"@context":"https:\/\/schema.org","@graph":[{"@type":"WebPage","@id":"https:\/\/obuda.hu\/gyermekvedelem\/szakmai-program\/","url":"https:\/\/obuda.hu\/gyermekvedelem\/szakmai-program\/","name":"Szakmai program - \u00d3buda","isPartOf":{"@id":"https:\/\/obuda.hu\/gyermekvedelem\/#website"},"datePublished":"2020-09-30T09:52:17+00:00","dateModified":"2025-09-04T12:26:21+00:00","breadcrumb":{"@id":"https:\/\/obuda.hu\/gyermekvedelem\/szakmai-program\/#breadcrumb"},"inLanguage":"en-US","potentialAction":[{"@type":"ReadAction","target":["https:\/\/obuda.hu\/gyermekvedelem\/szakmai-program\/"]}]},{"@type":"BreadcrumbList","@id":"https:\/\/obuda.hu\/gyermekvedelem\/szakmai-program\/#breadcrumb","itemListElement":[{"@type":"ListItem","position":1,"name":"Kezd\u0151lap","item":"https:\/\/obuda.hu\/gyermekvedelem\/"},{"@type":"ListItem","position":2,"name":"Szakmai program"}]},{"@type":"WebSite","@id":"https:\/\/obuda.hu\/gyermekvedelem\/#website","url":"https:\/\/obuda.hu\/gyermekvedelem\/","name":"\u00d3buda","description":"Gyermekv\u00e9delem","potentialAction":[{"@type":"SearchAction","target":{"@type":"EntryPoint","urlTemplate":"https:\/\/obuda.hu\/gyermekvedelem\/?s={search_term_string}"},"query-input":"required name=search_term_string"}],"inLanguage":"en-US"}]}},"_links":{"self":[{"href":"https:\/\/obuda.hu\/gyermekvedelem\/wp-json\/wp\/v2\/pages\/18"}],"collection":[{"href":"https:\/\/obuda.hu\/gyermekvedelem\/wp-json\/wp\/v2\/pages"}],"about":[{"href":"https:\/\/obuda.hu\/gyermekvedelem\/wp-json\/wp\/v2\/types\/page"}],"author":[{"embeddable":true,"href":"https:\/\/obuda.hu\/gyermekvedelem\/wp-json\/wp\/v2\/users\/1"}],"replies":[{"embeddable":true,"href":"https:\/\/obuda.hu\/gyermekvedelem\/wp-json\/wp\/v2\/comments?post=18"}],"version-history":[{"count":27,"href":"https:\/\/obuda.hu\/gyermekvedelem\/wp-json\/wp\/v2\/pages\/18\/revisions"}],"predecessor-version":[{"id":455,"href":"https:\/\/obuda.hu\/gyermekvedelem\/wp-json\/wp\/v2\/pages\/18\/revisions\/455"}],"wp:attachment":[{"href":"https:\/\/obuda.hu\/gyermekvedelem\/wp-json\/wp\/v2\/media?parent=18"}],"curies":[{"name":"wp","href":"https:\/\/api.w.org\/{rel}","templated":true}]}}