{"id":624,"date":"2022-02-17T10:06:39","date_gmt":"2022-02-17T10:06:39","guid":{"rendered":"https:\/\/obuda.hu\/kozossegikoltsegvetes\/?page_id=624"},"modified":"2022-03-22T16:29:57","modified_gmt":"2022-03-22T16:29:57","slug":"bejarasok-lakossagi-forumok","status":"publish","type":"page","link":"https:\/\/obuda.hu\/kozossegikoltsegvetes\/2022\/bejarasok-lakossagi-forumok\/","title":{"rendered":"Bej\u00e1r\u00e1sok, lakoss\u00e1gi f\u00f3rumok"},"content":{"rendered":"\t\t<div data-elementor-type=\"wp-page\" data-elementor-id=\"624\" class=\"elementor elementor-624\" data-elementor-post-type=\"page\">\n\t\t\t\t\t\t\t\t\t<section class=\"elementor-section elementor-top-section elementor-element elementor-element-8039ffc elementor-section-boxed elementor-section-height-default elementor-section-height-default\" data-id=\"8039ffc\" data-element_type=\"section\" data-settings=\"{&quot;background_background&quot;:&quot;classic&quot;}\">\n\t\t\t\t\t\t\t<div class=\"elementor-background-overlay\"><\/div>\n\t\t\t\t\t\t\t<div class=\"elementor-container elementor-column-gap-default\">\n\t\t\t\t\t<div class=\"elementor-column elementor-col-100 elementor-top-column elementor-element elementor-element-b99d6f2\" data-id=\"b99d6f2\" data-element_type=\"column\">\n\t\t\t<div class=\"elementor-widget-wrap elementor-element-populated\">\n\t\t\t\t\t\t\t\t<div class=\"elementor-element elementor-element-eda6611 elementor-widget elementor-widget-text-editor\" data-id=\"eda6611\" data-element_type=\"widget\" data-widget_type=\"text-editor.default\">\n\t\t\t\t<div class=\"elementor-widget-container\">\n\t\t\t\t\t\t\t<p>Az idei kamp\u00e1ny f\u0151bb elemei nem v\u00e1ltoznak az elm\u00falt \u00e9vekhez k\u00e9pest, \u00e1m id\u00e9n n\u00e9h\u00e1ny \u00fajdons\u00e1g bevezet\u00e9s\u00e9re is sor ker\u00fcl az \u00e1tl\u00e1that\u00f3bb tervez\u00e9s \u00e9s kivitelez\u00e9s \u00e9rdek\u00e9ben. Ezzel rem\u00e9lj\u00fck a\u00a0 K\u00f6z\u00f6ss\u00e9gi K\u00f6lts\u00e9gvet\u00e9s kamp\u00e1nyt\u00a0 m\u00e9g k\u00f6zelebb vissz\u00fck \u00d6n\u00f6kh\u00f6z, m\u00e9g t\u00f6bb lehet\u0151s\u00e9get k\u00edn\u00e1lunk arra, hogy bevonjuk a ker\u00fclet lak\u00f3it a d\u00f6nt\u00e9sbe.<\/p><p>\u00dajdons\u00e1g lesz, hogy a kamp\u00e1ny jel\u00f6l\u0151 szakasz\u00e1ban 5 lakoss\u00e1gi f\u00f3rumot szervez\u00fcnk, ahol lehet\u0151s\u00e9g lesz a javaslatok megbesz\u00e9l\u00e9s\u00e9re, azok kivitelez\u00e9si lehet\u0151s\u00e9geinek megvitat\u00e1s\u00e1ra.<\/p><p>Lakoss\u00e1gi f\u00f3rumaink id\u0151pontjai:<\/p><p><strong>\u00e1prilis 6. \u00a017.00 \u00a0\u00a0 \u00a0\u00a0\u00a0\u00a0\u00a0\u00a0\u00a0 \u00a0 \u00a0\u00a0 <\/strong><a href=\"https:\/\/goo.gl\/maps\/6vpJpEDUcTworyBv8\">Csillaghegyi K\u00f6z\u00f6ss\u00e9gi H\u00e1z<\/a><br \/><strong>\u00e1prilis 7. \u00a017.00 \u00a0 \u00a0 <\/strong>\u00a0 \u00a0\u00a0 \u00a0\u00a0 \u00a0\u00a0 \u00a0 <a href=\"https:\/\/goo.gl\/maps\/RDUWgcHXrtcvb7qs8\">\u00d3budai Kultur\u00e1lis K\u00f6zpont<\/a><br \/><strong>\u00e1prilis 12.\u00a0 17.00\u00a0\u00a0\u00a0 \u00a0 \u00a0\u00a0 \u00a0 \u00a0\u00a0\u00a0\u00a0 <\/strong><a href=\"https:\/\/goo.gl\/maps\/wpEFu1FpSW1Z42NbA\">\u00d3hegy Klubh\u00e1z<\/a><br \/><strong>\u00e1prilis 13. \u00a017.00\u00a0\u00a0\u00a0\u00a0\u00a0\u00a0\u00a0\u00a0\u00a0\u00a0\u00a0\u00a0\u00a0\u00a0\u00a0 <\/strong><a href=\"https:\/\/goo.gl\/maps\/tMtQk2kLTXM4zeKH8\">B\u00e9k\u00e1smegyeri K\u00f6z\u00f6ss\u00e9gi H\u00e1z<\/a><br \/><strong>\u00e1prilis 21. \u00a017.00\u00a0\u00a0\u00a0\u00a0\u00a0\u00a0\u00a0\u00a0\u00a0\u00a0\u00a0\u00a0\u00a0\u00a0\u00a0 <\/strong><a href=\"https:\/\/goo.gl\/maps\/Ap8vh5wk9RUuaoEx9\">3K<\/a><\/p>\t\t\t\t\t\t<\/div>\n\t\t\t\t<\/div>\n\t\t\t\t<div class=\"elementor-element elementor-element-561309f elementor-widget elementor-widget-html\" data-id=\"561309f\" data-element_type=\"widget\" data-widget_type=\"html.default\">\n\t\t\t\t<div class=\"elementor-widget-container\">\n\t\t\t<iframe loading=\"lazy\" src=\"https:\/\/docs.google.com\/forms\/d\/e\/1FAIpQLSegHNZ2GB5DgLyh2fcThRM3g_7l1TGdI9jOxWnEYsAuwDLHgw\/viewform?embedded=true\" width=\"640\" height=\"1875\" frameborder=\"0\" marginheight=\"0\" marginwidth=\"0\">Bet\u00f6lt\u00e9s\u2026<\/iframe>\t\t<\/div>\n\t\t\t\t<\/div>\n\t\t\t\t\t<\/div>\n\t\t<\/div>\n\t\t\t\t\t\t\t<\/div>\n\t\t<\/section>\n\t\t\t\t\t\t\t<\/div>\n\t\t","protected":false},"excerpt":{"rendered":"<p>Az idei kamp\u00e1ny f\u0151bb elemei nem v\u00e1ltoznak az elm\u00falt \u00e9vekhez k\u00e9pest, \u00e1m id\u00e9n n\u00e9h\u00e1ny \u00fajdons\u00e1g bevezet\u00e9s\u00e9re is sor ker\u00fcl az \u00e1tl\u00e1that\u00f3bb tervez\u00e9s \u00e9s kivitelez\u00e9s \u00e9rdek\u00e9ben. Ezzel rem\u00e9lj\u00fck a\u00a0 K\u00f6z\u00f6ss\u00e9gi K\u00f6lts\u00e9gvet\u00e9s kamp\u00e1nyt\u00a0 m\u00e9g k\u00f6zelebb vissz\u00fck \u00d6n\u00f6kh\u00f6z, m\u00e9g t\u00f6bb lehet\u0151s\u00e9get k\u00edn\u00e1lunk arra, hogy bevonjuk a ker\u00fclet lak\u00f3it a d\u00f6nt\u00e9sbe. \u00dajdons\u00e1g lesz, hogy a kamp\u00e1ny jel\u00f6l\u0151 szakasz\u00e1ban 5 [&hellip;]<\/p>\n","protected":false},"author":1,"featured_media":0,"parent":549,"menu_order":0,"comment_status":"closed","ping_status":"closed","template":"elementor_header_footer","meta":{"footnotes":""},"class_list":["post-624","page","type-page","status-publish","hentry"],"yoast_head":"<!-- This site is optimized with the Yoast SEO plugin v21.5 - https:\/\/yoast.com\/wordpress\/plugins\/seo\/ -->\n<title>Bej\u00e1r\u00e1sok, lakoss\u00e1gi f\u00f3rumok - K\u00f6z\u00f6ss\u00e9gi k\u00f6lts\u00e9gvet\u00e9s 2025 \u2013 \u00cdrja meg v\u00e9lem\u00e9ny\u00e9t!<\/title>\n<meta name=\"robots\" content=\"index, follow, max-snippet:-1, max-image-preview:large, max-video-preview:-1\" \/>\n<link rel=\"canonical\" href=\"https:\/\/obuda.hu\/kozossegikoltsegvetes\/2022\/bejarasok-lakossagi-forumok\/\" \/>\n<meta property=\"og:locale\" content=\"hu_HU\" \/>\n<meta property=\"og:type\" content=\"article\" \/>\n<meta property=\"og:title\" content=\"Bej\u00e1r\u00e1sok, lakoss\u00e1gi f\u00f3rumok - K\u00f6z\u00f6ss\u00e9gi k\u00f6lts\u00e9gvet\u00e9s 2025 \u2013 \u00cdrja meg v\u00e9lem\u00e9ny\u00e9t!\" \/>\n<meta property=\"og:description\" content=\"Az idei kamp\u00e1ny f\u0151bb elemei nem v\u00e1ltoznak az elm\u00falt \u00e9vekhez k\u00e9pest, \u00e1m id\u00e9n n\u00e9h\u00e1ny \u00fajdons\u00e1g bevezet\u00e9s\u00e9re is sor ker\u00fcl az \u00e1tl\u00e1that\u00f3bb tervez\u00e9s \u00e9s kivitelez\u00e9s \u00e9rdek\u00e9ben. Ezzel rem\u00e9lj\u00fck a\u00a0 K\u00f6z\u00f6ss\u00e9gi K\u00f6lts\u00e9gvet\u00e9s kamp\u00e1nyt\u00a0 m\u00e9g k\u00f6zelebb vissz\u00fck \u00d6n\u00f6kh\u00f6z, m\u00e9g t\u00f6bb lehet\u0151s\u00e9get k\u00edn\u00e1lunk arra, hogy bevonjuk a ker\u00fclet lak\u00f3it a d\u00f6nt\u00e9sbe. \u00dajdons\u00e1g lesz, hogy a kamp\u00e1ny jel\u00f6l\u0151 szakasz\u00e1ban 5 [&hellip;]\" \/>\n<meta property=\"og:url\" content=\"https:\/\/obuda.hu\/kozossegikoltsegvetes\/2022\/bejarasok-lakossagi-forumok\/\" \/>\n<meta property=\"og:site_name\" content=\"K\u00f6z\u00f6ss\u00e9gi k\u00f6lts\u00e9gvet\u00e9s 2025 \u2013 \u00cdrja meg v\u00e9lem\u00e9ny\u00e9t!\" \/>\n<meta property=\"article:modified_time\" content=\"2022-03-22T16:29:57+00:00\" \/>\n<meta property=\"og:image\" content=\"https:\/\/obuda.hu\/kozossegikoltsegvetes\/wp-content\/uploads\/2025\/02\/KKTSV2025_hero_01.png\" \/>\n\t<meta property=\"og:image:width\" content=\"1440\" \/>\n\t<meta property=\"og:image:height\" content=\"900\" \/>\n\t<meta property=\"og:image:type\" content=\"image\/png\" \/>\n<meta name=\"twitter:card\" content=\"summary_large_image\" \/>\n<meta name=\"twitter:label1\" content=\"Becs\u00fclt olvas\u00e1si id\u0151\" \/>\n\t<meta name=\"twitter:data1\" content=\"1 perc\" \/>\n<script type=\"application\/ld+json\" class=\"yoast-schema-graph\">{\"@context\":\"https:\/\/schema.org\",\"@graph\":[{\"@type\":\"WebPage\",\"@id\":\"https:\/\/obuda.hu\/kozossegikoltsegvetes\/2022\/bejarasok-lakossagi-forumok\/\",\"url\":\"https:\/\/obuda.hu\/kozossegikoltsegvetes\/2022\/bejarasok-lakossagi-forumok\/\",\"name\":\"Bej\u00e1r\u00e1sok, lakoss\u00e1gi f\u00f3rumok - K\u00f6z\u00f6ss\u00e9gi k\u00f6lts\u00e9gvet\u00e9s 2025 \u2013 \u00cdrja meg v\u00e9lem\u00e9ny\u00e9t!\",\"isPartOf\":{\"@id\":\"https:\/\/obuda.hu\/kozossegikoltsegvetes\/#website\"},\"datePublished\":\"2022-02-17T10:06:39+00:00\",\"dateModified\":\"2022-03-22T16:29:57+00:00\",\"breadcrumb\":{\"@id\":\"https:\/\/obuda.hu\/kozossegikoltsegvetes\/2022\/bejarasok-lakossagi-forumok\/#breadcrumb\"},\"inLanguage\":\"hu\",\"potentialAction\":[{\"@type\":\"ReadAction\",\"target\":[\"https:\/\/obuda.hu\/kozossegikoltsegvetes\/2022\/bejarasok-lakossagi-forumok\/\"]}]},{\"@type\":\"BreadcrumbList\",\"@id\":\"https:\/\/obuda.hu\/kozossegikoltsegvetes\/2022\/bejarasok-lakossagi-forumok\/#breadcrumb\",\"itemListElement\":[{\"@type\":\"ListItem\",\"position\":1,\"name\":\"Home\",\"item\":\"https:\/\/obuda.hu\/kozossegikoltsegvetes\/\"},{\"@type\":\"ListItem\",\"position\":2,\"name\":\"K\u00f6z\u00f6ss\u00e9gi k\u00f6lts\u00e9gvet\u00e9s 2022\",\"item\":\"https:\/\/obuda.hu\/kozossegikoltsegvetes\/\"},{\"@type\":\"ListItem\",\"position\":3,\"name\":\"Bej\u00e1r\u00e1sok, lakoss\u00e1gi f\u00f3rumok\"}]},{\"@type\":\"WebSite\",\"@id\":\"https:\/\/obuda.hu\/kozossegikoltsegvetes\/#website\",\"url\":\"https:\/\/obuda.hu\/kozossegikoltsegvetes\/\",\"name\":\"K\u00f6z\u00f6ss\u00e9gi k\u00f6lts\u00e9gvet\u00e9s 2025 \u2013 \u00cdrja meg v\u00e9lem\u00e9ny\u00e9t!\",\"description\":\"\",\"potentialAction\":[{\"@type\":\"SearchAction\",\"target\":{\"@type\":\"EntryPoint\",\"urlTemplate\":\"https:\/\/obuda.hu\/kozossegikoltsegvetes\/?s={search_term_string}\"},\"query-input\":\"required name=search_term_string\"}],\"inLanguage\":\"hu\"}]}<\/script>\n<!-- \/ Yoast SEO plugin. -->","yoast_head_json":{"title":"Bej\u00e1r\u00e1sok, lakoss\u00e1gi f\u00f3rumok - K\u00f6z\u00f6ss\u00e9gi k\u00f6lts\u00e9gvet\u00e9s 2025 \u2013 \u00cdrja meg v\u00e9lem\u00e9ny\u00e9t!","robots":{"index":"index","follow":"follow","max-snippet":"max-snippet:-1","max-image-preview":"max-image-preview:large","max-video-preview":"max-video-preview:-1"},"canonical":"https:\/\/obuda.hu\/kozossegikoltsegvetes\/2022\/bejarasok-lakossagi-forumok\/","og_locale":"hu_HU","og_type":"article","og_title":"Bej\u00e1r\u00e1sok, lakoss\u00e1gi f\u00f3rumok - K\u00f6z\u00f6ss\u00e9gi k\u00f6lts\u00e9gvet\u00e9s 2025 \u2013 \u00cdrja meg v\u00e9lem\u00e9ny\u00e9t!","og_description":"Az idei kamp\u00e1ny f\u0151bb elemei nem v\u00e1ltoznak az elm\u00falt \u00e9vekhez k\u00e9pest, \u00e1m id\u00e9n n\u00e9h\u00e1ny \u00fajdons\u00e1g bevezet\u00e9s\u00e9re is sor ker\u00fcl az \u00e1tl\u00e1that\u00f3bb tervez\u00e9s \u00e9s kivitelez\u00e9s \u00e9rdek\u00e9ben. Ezzel rem\u00e9lj\u00fck a\u00a0 K\u00f6z\u00f6ss\u00e9gi K\u00f6lts\u00e9gvet\u00e9s kamp\u00e1nyt\u00a0 m\u00e9g k\u00f6zelebb vissz\u00fck \u00d6n\u00f6kh\u00f6z, m\u00e9g t\u00f6bb lehet\u0151s\u00e9get k\u00edn\u00e1lunk arra, hogy bevonjuk a ker\u00fclet lak\u00f3it a d\u00f6nt\u00e9sbe. \u00dajdons\u00e1g lesz, hogy a kamp\u00e1ny jel\u00f6l\u0151 szakasz\u00e1ban 5 [&hellip;]","og_url":"https:\/\/obuda.hu\/kozossegikoltsegvetes\/2022\/bejarasok-lakossagi-forumok\/","og_site_name":"K\u00f6z\u00f6ss\u00e9gi k\u00f6lts\u00e9gvet\u00e9s 2025 \u2013 \u00cdrja meg v\u00e9lem\u00e9ny\u00e9t!","article_modified_time":"2022-03-22T16:29:57+00:00","og_image":[{"width":1440,"height":900,"url":"https:\/\/obuda.hu\/kozossegikoltsegvetes\/wp-content\/uploads\/2025\/02\/KKTSV2025_hero_01.png","type":"image\/png"}],"twitter_card":"summary_large_image","twitter_misc":{"Becs\u00fclt olvas\u00e1si id\u0151":"1 perc"},"schema":{"@context":"https:\/\/schema.org","@graph":[{"@type":"WebPage","@id":"https:\/\/obuda.hu\/kozossegikoltsegvetes\/2022\/bejarasok-lakossagi-forumok\/","url":"https:\/\/obuda.hu\/kozossegikoltsegvetes\/2022\/bejarasok-lakossagi-forumok\/","name":"Bej\u00e1r\u00e1sok, lakoss\u00e1gi f\u00f3rumok - K\u00f6z\u00f6ss\u00e9gi k\u00f6lts\u00e9gvet\u00e9s 2025 \u2013 \u00cdrja meg v\u00e9lem\u00e9ny\u00e9t!","isPartOf":{"@id":"https:\/\/obuda.hu\/kozossegikoltsegvetes\/#website"},"datePublished":"2022-02-17T10:06:39+00:00","dateModified":"2022-03-22T16:29:57+00:00","breadcrumb":{"@id":"https:\/\/obuda.hu\/kozossegikoltsegvetes\/2022\/bejarasok-lakossagi-forumok\/#breadcrumb"},"inLanguage":"hu","potentialAction":[{"@type":"ReadAction","target":["https:\/\/obuda.hu\/kozossegikoltsegvetes\/2022\/bejarasok-lakossagi-forumok\/"]}]},{"@type":"BreadcrumbList","@id":"https:\/\/obuda.hu\/kozossegikoltsegvetes\/2022\/bejarasok-lakossagi-forumok\/#breadcrumb","itemListElement":[{"@type":"ListItem","position":1,"name":"Home","item":"https:\/\/obuda.hu\/kozossegikoltsegvetes\/"},{"@type":"ListItem","position":2,"name":"K\u00f6z\u00f6ss\u00e9gi k\u00f6lts\u00e9gvet\u00e9s 2022","item":"https:\/\/obuda.hu\/kozossegikoltsegvetes\/"},{"@type":"ListItem","position":3,"name":"Bej\u00e1r\u00e1sok, lakoss\u00e1gi f\u00f3rumok"}]},{"@type":"WebSite","@id":"https:\/\/obuda.hu\/kozossegikoltsegvetes\/#website","url":"https:\/\/obuda.hu\/kozossegikoltsegvetes\/","name":"K\u00f6z\u00f6ss\u00e9gi k\u00f6lts\u00e9gvet\u00e9s 2025 \u2013 \u00cdrja meg v\u00e9lem\u00e9ny\u00e9t!","description":"","potentialAction":[{"@type":"SearchAction","target":{"@type":"EntryPoint","urlTemplate":"https:\/\/obuda.hu\/kozossegikoltsegvetes\/?s={search_term_string}"},"query-input":"required name=search_term_string"}],"inLanguage":"hu"}]}},"publishpress_future_action":{"enabled":false,"date":"2026-05-13 23:45:28","action":"change-status","newStatus":"draft","terms":[],"taxonomy":""},"publishpress_future_workflow_manual_trigger":{"enabledWorkflows":[]},"_links":{"self":[{"href":"https:\/\/obuda.hu\/kozossegikoltsegvetes\/wp-json\/wp\/v2\/pages\/624","targetHints":{"allow":["GET"]}}],"collection":[{"href":"https:\/\/obuda.hu\/kozossegikoltsegvetes\/wp-json\/wp\/v2\/pages"}],"about":[{"href":"https:\/\/obuda.hu\/kozossegikoltsegvetes\/wp-json\/wp\/v2\/types\/page"}],"author":[{"embeddable":true,"href":"https:\/\/obuda.hu\/kozossegikoltsegvetes\/wp-json\/wp\/v2\/users\/1"}],"replies":[{"embeddable":true,"href":"https:\/\/obuda.hu\/kozossegikoltsegvetes\/wp-json\/wp\/v2\/comments?post=624"}],"version-history":[{"count":22,"href":"https:\/\/obuda.hu\/kozossegikoltsegvetes\/wp-json\/wp\/v2\/pages\/624\/revisions"}],"predecessor-version":[{"id":705,"href":"https:\/\/obuda.hu\/kozossegikoltsegvetes\/wp-json\/wp\/v2\/pages\/624\/revisions\/705"}],"up":[{"embeddable":true,"href":"https:\/\/obuda.hu\/kozossegikoltsegvetes\/wp-json\/wp\/v2\/pages\/549"}],"wp:attachment":[{"href":"https:\/\/obuda.hu\/kozossegikoltsegvetes\/wp-json\/wp\/v2\/media?parent=624"}],"curies":[{"name":"wp","href":"https:\/\/api.w.org\/{rel}","templated":true}]}}